{"id":1574,"date":"2025-10-14T08:32:40","date_gmt":"2025-10-14T13:32:40","guid":{"rendered":"http:\/\/www.vortice.espol.edu.ec\/?page_id=1574"},"modified":"2025-10-14T08:32:40","modified_gmt":"2025-10-14T13:32:40","slug":"tito-torres","status":"publish","type":"page","link":"https:\/\/www.vortice.espol.edu.ec\/index.php\/tito-torres\/","title":{"rendered":"TITO TORRES"},"content":{"rendered":"\n<p><strong>Tito Torres, Mtr.<\/strong> (Ecuador) es <strong>dise\u00f1ador gr\u00e1fico, artista visual y docente<\/strong>. Su pr\u00e1ctica se desarrolla entre el dise\u00f1o, el arte p\u00fablico y las tecnolog\u00edas audiovisuales, con una investigaci\u00f3n constante sobre la identidad y la memoria visual del territorio. Es creador de <strong>MUTAR<\/strong>, proyecto que reivindica el patrimonio y las culturas precolombinas \u2014en especial la cultura <strong>Jambel\u00ed<\/strong>\u2014 mediante el dise\u00f1o gr\u00e1fico y la multimedia, integrando lo ancestral y lo contempor\u00e1neo como lenguajes de reflexi\u00f3n y creaci\u00f3n.<\/p>\n\n\n\n<p>Ha desarrollado intervenciones, residencias y master class en instituciones como el <strong>Instituto Metropolitano de Dise\u00f1o de Quito<\/strong>, el <strong>Centro de Arte Contempor\u00e1neo (CAC)<\/strong>, la <strong>Universidad de Palermo (Argentina)<\/strong> y la <strong>Universidad de las Artes (Ecuador)<\/strong>, adem\u00e1s de realizar la <strong>primera residencia art\u00edstica in situ en el Museo Antropol\u00f3gico y de Arte Contempor\u00e1neo (MAAC)<\/strong>, centrada en la memoria visual y su relaci\u00f3n con el pensamiento de dise\u00f1o.<\/p>\n\n\n\n<p>Ha expuesto su trabajo en el <strong>MAAC<\/strong>, la <strong>Casa de la Cultura Ecuatoriana (CCE)<\/strong> y la <strong>Alianza Francesa<\/strong>, participando en festivales nacionales e internacionales vinculados al arte expandido, el video mapping y la gr\u00e1fica experimental.<br>Actualmente, impulsa <strong>MUTAR M\u00d3VIL<\/strong>, laboratorio n\u00f3mada que convierte el espacio p\u00fablico en una galer\u00eda itinerante y promueve el dise\u00f1o como una pr\u00e1ctica milenaria de transmisi\u00f3n cultural. Su trabajo se enmarca en el campo del <strong>dise\u00f1o con identidad<\/strong>, donde la memoria, el patrimonio y la tecnolog\u00eda convergen como herramientas de transformaci\u00f3n simb\u00f3lica y social.<\/p>\n\n\n\n<div class=\"wp-block-columns is-layout-flex wp-container-core-columns-is-layout-9d6595d7 wp-block-columns-is-layout-flex\">\n<div class=\"wp-block-column is-layout-flow wp-block-column-is-layout-flow\">\n<figure class=\"wp-block-image size-full\"><img fetchpriority=\"high\" decoding=\"async\" width=\"745\" height=\"931\" src=\"http:\/\/www.vortice.espol.edu.ec\/wp-content\/uploads\/2025\/10\/vortice-2025-tito-torres-2.png\" alt=\"\" class=\"wp-image-1576\" srcset=\"https:\/\/www.vortice.espol.edu.ec\/wp-content\/uploads\/2025\/10\/vortice-2025-tito-torres-2.png 745w, https:\/\/www.vortice.espol.edu.ec\/wp-content\/uploads\/2025\/10\/vortice-2025-tito-torres-2-240x300.png 240w\" sizes=\"(max-width: 706px) 89vw, (max-width: 767px) 82vw, 740px\" \/><\/figure>\n<\/div>\n\n\n\n<div class=\"wp-block-column is-layout-flow wp-block-column-is-layout-flow\">\n<figure class=\"wp-block-image size-full\"><img decoding=\"async\" width=\"745\" height=\"931\" src=\"http:\/\/www.vortice.espol.edu.ec\/wp-content\/uploads\/2025\/10\/vortice-2025-tito-torres-3.png\" alt=\"\" class=\"wp-image-1577\" srcset=\"https:\/\/www.vortice.espol.edu.ec\/wp-content\/uploads\/2025\/10\/vortice-2025-tito-torres-3.png 745w, https:\/\/www.vortice.espol.edu.ec\/wp-content\/uploads\/2025\/10\/vortice-2025-tito-torres-3-240x300.png 240w\" sizes=\"(max-width: 706px) 89vw, (max-width: 767px) 82vw, 740px\" \/><\/figure>\n<\/div>\n<\/div>\n\n\n\n<div class=\"wp-block-columns is-layout-flex wp-container-core-columns-is-layout-9d6595d7 wp-block-columns-is-layout-flex\">\n<div class=\"wp-block-column is-layout-flow wp-block-column-is-layout-flow\">\n<figure class=\"wp-block-image size-full\"><img decoding=\"async\" width=\"745\" height=\"931\" src=\"http:\/\/www.vortice.espol.edu.ec\/wp-content\/uploads\/2025\/10\/vortice-2025-tito-torres-4.png\" alt=\"\" class=\"wp-image-1578\" srcset=\"https:\/\/www.vortice.espol.edu.ec\/wp-content\/uploads\/2025\/10\/vortice-2025-tito-torres-4.png 745w, https:\/\/www.vortice.espol.edu.ec\/wp-content\/uploads\/2025\/10\/vortice-2025-tito-torres-4-240x300.png 240w\" sizes=\"(max-width: 706px) 89vw, (max-width: 767px) 82vw, 740px\" \/><\/figure>\n<\/div>\n\n\n\n<div class=\"wp-block-column is-layout-flow wp-block-column-is-layout-flow\">\n<figure class=\"wp-block-image size-full\"><img loading=\"lazy\" decoding=\"async\" width=\"745\" height=\"931\" src=\"http:\/\/www.vortice.espol.edu.ec\/wp-content\/uploads\/2025\/10\/vortice-2025-tito-torres-5.png\" alt=\"\" class=\"wp-image-1579\" srcset=\"https:\/\/www.vortice.espol.edu.ec\/wp-content\/uploads\/2025\/10\/vortice-2025-tito-torres-5.png 745w, https:\/\/www.vortice.espol.edu.ec\/wp-content\/uploads\/2025\/10\/vortice-2025-tito-torres-5-240x300.png 240w\" sizes=\"(max-width: 706px) 89vw, (max-width: 767px) 82vw, 740px\" \/><\/figure>\n<\/div>\n<\/div>\n\n\n\n<div class=\"wp-block-columns is-layout-flex wp-container-core-columns-is-layout-9d6595d7 wp-block-columns-is-layout-flex\">\n<div class=\"wp-block-column is-layout-flow wp-block-column-is-layout-flow\">\n<figure class=\"wp-block-image size-full\"><img loading=\"lazy\" decoding=\"async\" width=\"745\" height=\"931\" src=\"http:\/\/www.vortice.espol.edu.ec\/wp-content\/uploads\/2025\/10\/vortice-2025-tito-torres-6.png\" alt=\"\" class=\"wp-image-1580\" srcset=\"https:\/\/www.vortice.espol.edu.ec\/wp-content\/uploads\/2025\/10\/vortice-2025-tito-torres-6.png 745w, https:\/\/www.vortice.espol.edu.ec\/wp-content\/uploads\/2025\/10\/vortice-2025-tito-torres-6-240x300.png 240w\" sizes=\"(max-width: 706px) 89vw, (max-width: 767px) 82vw, 740px\" \/><\/figure>\n<\/div>\n\n\n\n<div class=\"wp-block-column is-layout-flow wp-block-column-is-layout-flow\">\n<figure class=\"wp-block-image size-large\"><img loading=\"lazy\" decoding=\"async\" width=\"819\" height=\"1024\" src=\"http:\/\/www.vortice.espol.edu.ec\/wp-content\/uploads\/2025\/10\/vortice-2025-tito-torres-7-819x1024.png\" alt=\"\" class=\"wp-image-1581\" srcset=\"https:\/\/www.vortice.espol.edu.ec\/wp-content\/uploads\/2025\/10\/vortice-2025-tito-torres-7-819x1024.png 819w, https:\/\/www.vortice.espol.edu.ec\/wp-content\/uploads\/2025\/10\/vortice-2025-tito-torres-7-240x300.png 240w, https:\/\/www.vortice.espol.edu.ec\/wp-content\/uploads\/2025\/10\/vortice-2025-tito-torres-7-768x960.png 768w, https:\/\/www.vortice.espol.edu.ec\/wp-content\/uploads\/2025\/10\/vortice-2025-tito-torres-7.png 1080w\" sizes=\"(max-width: 706px) 89vw, (max-width: 767px) 82vw, 740px\" \/><\/figure>\n<\/div>\n<\/div>\n","protected":false},"excerpt":{"rendered":"<p>Tito Torres, Mtr. (Ecuador) es dise\u00f1ador gr\u00e1fico, artista visual y docente. Su pr\u00e1ctica se desarrolla entre el dise\u00f1o, el arte p\u00fablico y las tecnolog\u00edas audiovisuales, con una investigaci\u00f3n constante sobre la identidad y la memoria visual del territorio. Es creador de MUTAR, proyecto que reivindica el patrimonio y las culturas precolombinas \u2014en especial la cultura &hellip; <\/p>\n<p class=\"link-more\"><a href=\"https:\/\/www.vortice.espol.edu.ec\/index.php\/tito-torres\/\" class=\"more-link\">Continuar leyendo<span class=\"screen-reader-text\"> \u00abTITO TORRES\u00bb<\/span><\/a><\/p>\n","protected":false},"author":1,"featured_media":0,"parent":0,"menu_order":0,"comment_status":"closed","ping_status":"closed","template":"","meta":{"footnotes":""},"class_list":["post-1574","page","type-page","status-publish","hentry"],"_links":{"self":[{"href":"https:\/\/www.vortice.espol.edu.ec\/index.php\/wp-json\/wp\/v2\/pages\/1574","targetHints":{"allow":["GET"]}}],"collection":[{"href":"https:\/\/www.vortice.espol.edu.ec\/index.php\/wp-json\/wp\/v2\/pages"}],"about":[{"href":"https:\/\/www.vortice.espol.edu.ec\/index.php\/wp-json\/wp\/v2\/types\/page"}],"author":[{"embeddable":true,"href":"https:\/\/www.vortice.espol.edu.ec\/index.php\/wp-json\/wp\/v2\/users\/1"}],"replies":[{"embeddable":true,"href":"https:\/\/www.vortice.espol.edu.ec\/index.php\/wp-json\/wp\/v2\/comments?post=1574"}],"version-history":[{"count":1,"href":"https:\/\/www.vortice.espol.edu.ec\/index.php\/wp-json\/wp\/v2\/pages\/1574\/revisions"}],"predecessor-version":[{"id":1583,"href":"https:\/\/www.vortice.espol.edu.ec\/index.php\/wp-json\/wp\/v2\/pages\/1574\/revisions\/1583"}],"wp:attachment":[{"href":"https:\/\/www.vortice.espol.edu.ec\/index.php\/wp-json\/wp\/v2\/media?parent=1574"}],"curies":[{"name":"wp","href":"https:\/\/api.w.org\/{rel}","templated":true}]}}

<p><strong>Tito Torres, Mtr.</strong> (Ecuador) es <strong>diseñador gráfico, artista visual y docente</strong>. Su práctica se desarrolla entre el diseño, el arte público y las tecnologías audiovisuales, con una investigación constante sobre la identidad y la memoria visual del territorio. Es creador de <strong>MUTAR</strong>, proyecto que reivindica el patrimonio y las culturas precolombinas —en especial la cultura <strong>Jambelí</strong>— mediante el diseño gráfico y la multimedia, integrando lo ancestral y lo contemporáneo como lenguajes de reflexión y creación.</p>



<p>Ha desarrollado intervenciones, residencias y master class en instituciones como el <strong>Instituto Metropolitano de Diseño de Quito</strong>, el <strong>Centro de Arte Contemporáneo (CAC)</strong>, la <strong>Universidad de Palermo (Argentina)</strong> y la <strong>Universidad de las Artes (Ecuador)</strong>, además de realizar la <strong>primera residencia artística in situ en el Museo Antropológico y de Arte Contemporáneo (MAAC)</strong>, centrada en la memoria visual y su relación con el pensamiento de diseño.</p>



<p>Ha expuesto su trabajo en el <strong>MAAC</strong>, la <strong>Casa de la Cultura Ecuatoriana (CCE)</strong> y la <strong>Alianza Francesa</strong>, participando en festivales nacionales e internacionales vinculados al arte expandido, el video mapping y la gráfica experimental.<br>Actualmente, impulsa <strong>MUTAR MÓVIL</strong>, laboratorio nómada que convierte el espacio público en una galería itinerante y promueve el diseño como una práctica milenaria de transmisión cultural. Su trabajo se enmarca en el campo del <strong>diseño con identidad</strong>, donde la memoria, el patrimonio y la tecnología convergen como herramientas de transformación simbólica y social.</p>



<div class="wp-block-columns is-layout-flex wp-container-core-columns-is-layout-9d6595d7 wp-block-columns-is-layout-flex">
<div class="wp-block-column is-layout-flow wp-block-column-is-layout-flow">
<figure class="wp-block-image size-full"><img fetchpriority="high" decoding="async" width="745" height="931" src="http://www.vortice.espol.edu.ec/wp-content/uploads/2025/10/vortice-2025-tito-torres-2.png" alt="" class="wp-image-1576" srcset="https://www.vortice.espol.edu.ec/wp-content/uploads/2025/10/vortice-2025-tito-torres-2.png 745w, https://www.vortice.espol.edu.ec/wp-content/uploads/2025/10/vortice-2025-tito-torres-2-240x300.png 240w" sizes="(max-width: 706px) 89vw, (max-width: 767px) 82vw, 740px" /></figure>
</div>



<div class="wp-block-column is-layout-flow wp-block-column-is-layout-flow">
<figure class="wp-block-image size-full"><img decoding="async" width="745" height="931" src="http://www.vortice.espol.edu.ec/wp-content/uploads/2025/10/vortice-2025-tito-torres-3.png" alt="" class="wp-image-1577" srcset="https://www.vortice.espol.edu.ec/wp-content/uploads/2025/10/vortice-2025-tito-torres-3.png 745w, https://www.vortice.espol.edu.ec/wp-content/uploads/2025/10/vortice-2025-tito-torres-3-240x300.png 240w" sizes="(max-width: 706px) 89vw, (max-width: 767px) 82vw, 740px" /></figure>
</div>
</div>



<div class="wp-block-columns is-layout-flex wp-container-core-columns-is-layout-9d6595d7 wp-block-columns-is-layout-flex">
<div class="wp-block-column is-layout-flow wp-block-column-is-layout-flow">
<figure class="wp-block-image size-full"><img decoding="async" width="745" height="931" src="http://www.vortice.espol.edu.ec/wp-content/uploads/2025/10/vortice-2025-tito-torres-4.png" alt="" class="wp-image-1578" srcset="https://www.vortice.espol.edu.ec/wp-content/uploads/2025/10/vortice-2025-tito-torres-4.png 745w, https://www.vortice.espol.edu.ec/wp-content/uploads/2025/10/vortice-2025-tito-torres-4-240x300.png 240w" sizes="(max-width: 706px) 89vw, (max-width: 767px) 82vw, 740px" /></figure>
</div>



<div class="wp-block-column is-layout-flow wp-block-column-is-layout-flow">
<figure class="wp-block-image size-full"><img loading="lazy" decoding="async" width="745" height="931" src="http://www.vortice.espol.edu.ec/wp-content/uploads/2025/10/vortice-2025-tito-torres-5.png" alt="" class="wp-image-1579" srcset="https://www.vortice.espol.edu.ec/wp-content/uploads/2025/10/vortice-2025-tito-torres-5.png 745w, https://www.vortice.espol.edu.ec/wp-content/uploads/2025/10/vortice-2025-tito-torres-5-240x300.png 240w" sizes="(max-width: 706px) 89vw, (max-width: 767px) 82vw, 740px" /></figure>
</div>
</div>



<div class="wp-block-columns is-layout-flex wp-container-core-columns-is-layout-9d6595d7 wp-block-columns-is-layout-flex">
<div class="wp-block-column is-layout-flow wp-block-column-is-layout-flow">
<figure class="wp-block-image size-full"><img loading="lazy" decoding="async" width="745" height="931" src="http://www.vortice.espol.edu.ec/wp-content/uploads/2025/10/vortice-2025-tito-torres-6.png" alt="" class="wp-image-1580" srcset="https://www.vortice.espol.edu.ec/wp-content/uploads/2025/10/vortice-2025-tito-torres-6.png 745w, https://www.vortice.espol.edu.ec/wp-content/uploads/2025/10/vortice-2025-tito-torres-6-240x300.png 240w" sizes="(max-width: 706px) 89vw, (max-width: 767px) 82vw, 740px" /></figure>
</div>



<div class="wp-block-column is-layout-flow wp-block-column-is-layout-flow">
<figure class="wp-block-image size-large"><img loading="lazy" decoding="async" width="819" height="1024" src="http://www.vortice.espol.edu.ec/wp-content/uploads/2025/10/vortice-2025-tito-torres-7-819x1024.png" alt="" class="wp-image-1581" srcset="https://www.vortice.espol.edu.ec/wp-content/uploads/2025/10/vortice-2025-tito-torres-7-819x1024.png 819w, https://www.vortice.espol.edu.ec/wp-content/uploads/2025/10/vortice-2025-tito-torres-7-240x300.png 240w, https://www.vortice.espol.edu.ec/wp-content/uploads/2025/10/vortice-2025-tito-torres-7-768x960.png 768w, https://www.vortice.espol.edu.ec/wp-content/uploads/2025/10/vortice-2025-tito-torres-7.png 1080w" sizes="(max-width: 706px) 89vw, (max-width: 767px) 82vw, 740px" /></figure>
</div>
</div>

<p>Tito Torres, Mtr. (Ecuador) es diseñador gráfico, artista visual y docente. Su práctica se desarrolla entre el diseño, el arte público y las tecnologías audiovisuales, con una investigación constante sobre la identidad y la memoria visual del territorio. Es creador de MUTAR, proyecto que reivindica el patrimonio y las culturas precolombinas —en especial la cultura &hellip; </p>
<p class="link-more"><a href="https://www.vortice.espol.edu.ec/index.php/tito-torres/" class="more-link">Continuar leyendo<span class="screen-reader-text"> «TITO TORRES»</span></a></p>
