{"id":1662,"date":"2025-10-17T15:29:54","date_gmt":"2025-10-17T20:29:54","guid":{"rendered":"http:\/\/www.vortice.espol.edu.ec\/?page_id=1662"},"modified":"2025-10-17T15:29:55","modified_gmt":"2025-10-17T20:29:55","slug":"ileana-matamoros","status":"publish","type":"page","link":"https:\/\/www.vortice.espol.edu.ec\/index.php\/ileana-matamoros\/","title":{"rendered":"ILEANA MATAMOROS"},"content":{"rendered":"\n<p>Ileana Matamoros naci\u00f3 en Guayaquil en 1976. Estudi\u00f3 periodismo en Guayaquil y cine en Buenos Aires y Guayaquil. Obtuvo varios premios en su faceta period\u00edstica. Tiene un mag\u00edster en Comunicaci\u00f3n, visualidad y diversidades. Ha dirigido y trabajado en varios roles en cortometrajes, y tiene en desarrollo como directora un largometraje documental (ganador de fondos ICCA) y una serie de vampiros donde es guionista y showrunner. <\/p>\n\n\n\n<p>Es docente universitaria de Historia del Cine, documental y guion, y dicta talleres de cortometrajes en espacios como la Casa de la Cultura o la Biblioteca de las artes. Siempre periodista, nunca imperiodista: escribe cr\u00f3nicas y reportajes de arte y cultura en revista Mundo Diners.<\/p>\n\n\n\n<p><\/p>\n","protected":false},"excerpt":{"rendered":"<p>Ileana Matamoros naci\u00f3 en Guayaquil en 1976. Estudi\u00f3 periodismo en Guayaquil y cine en Buenos Aires y Guayaquil. Obtuvo varios premios en su faceta period\u00edstica. Tiene un mag\u00edster en Comunicaci\u00f3n, visualidad y diversidades. Ha dirigido y trabajado en varios roles en cortometrajes, y tiene en desarrollo como directora un largometraje documental (ganador de fondos ICCA) &hellip; <\/p>\n<p class=\"link-more\"><a href=\"https:\/\/www.vortice.espol.edu.ec\/index.php\/ileana-matamoros\/\" class=\"more-link\">Continuar leyendo<span class=\"screen-reader-text\"> \u00abILEANA MATAMOROS\u00bb<\/span><\/a><\/p>\n","protected":false},"author":1,"featured_media":0,"parent":0,"menu_order":0,"comment_status":"closed","ping_status":"closed","template":"","meta":{"footnotes":""},"class_list":["post-1662","page","type-page","status-publish","hentry"],"_links":{"self":[{"href":"https:\/\/www.vortice.espol.edu.ec\/index.php\/wp-json\/wp\/v2\/pages\/1662","targetHints":{"allow":["GET"]}}],"collection":[{"href":"https:\/\/www.vortice.espol.edu.ec\/index.php\/wp-json\/wp\/v2\/pages"}],"about":[{"href":"https:\/\/www.vortice.espol.edu.ec\/index.php\/wp-json\/wp\/v2\/types\/page"}],"author":[{"embeddable":true,"href":"https:\/\/www.vortice.espol.edu.ec\/index.php\/wp-json\/wp\/v2\/users\/1"}],"replies":[{"embeddable":true,"href":"https:\/\/www.vortice.espol.edu.ec\/index.php\/wp-json\/wp\/v2\/comments?post=1662"}],"version-history":[{"count":1,"href":"https:\/\/www.vortice.espol.edu.ec\/index.php\/wp-json\/wp\/v2\/pages\/1662\/revisions"}],"predecessor-version":[{"id":1665,"href":"https:\/\/www.vortice.espol.edu.ec\/index.php\/wp-json\/wp\/v2\/pages\/1662\/revisions\/1665"}],"wp:attachment":[{"href":"https:\/\/www.vortice.espol.edu.ec\/index.php\/wp-json\/wp\/v2\/media?parent=1662"}],"curies":[{"name":"wp","href":"https:\/\/api.w.org\/{rel}","templated":true}]}}